{"id":26,"date":"2019-10-30T08:04:23","date_gmt":"2019-10-30T08:04:23","guid":{"rendered":"https:\/\/demo.casethemes.net\/consultio-medical\/?page_id=26"},"modified":"2025-01-03T20:24:25","modified_gmt":"2025-01-03T20:24:25","slug":"quienes-somos","status":"publish","type":"page","link":"https:\/\/dacflex.com\/zoho\/quienes-somos\/","title":{"rendered":"Quienes Somos"},"content":{"rendered":"\t\t<div data-elementor-type=\"wp-page\" data-elementor-id=\"26\" class=\"elementor elementor-26\">\n\t\t\t\t        <section class=\"elementor-section elementor-top-section elementor-element elementor-element-bf4d915 elementor-section-boxed elementor-section-height-default elementor-section-height-default ct-header-fixed-none ct-row-max-none\" data-id=\"bf4d915\" data-element_type=\"section\" data-e-type=\"section\">\n            \n                        <div class=\"elementor-container elementor-column-gap-extended \">\n                    <div class=\"elementor-column elementor-col-50 elementor-top-column elementor-element elementor-element-5282614\" data-id=\"5282614\" data-element_type=\"column\" data-e-type=\"column\">\n        <div class=\"elementor-widget-wrap elementor-element-populated\">\n                    \n                <section class=\"elementor-section elementor-inner-section elementor-element elementor-element-6b326e2 elementor-section-boxed elementor-section-height-default elementor-section-height-default ct-header-fixed-none ct-row-max-none\" data-id=\"6b326e2\" data-element_type=\"section\" data-e-type=\"section\">\n            \n                        <div class=\"elementor-container elementor-column-gap-extended \">\n                    <div class=\"elementor-column elementor-col-100 elementor-inner-column elementor-element elementor-element-71555f1\" data-id=\"71555f1\" data-element_type=\"column\" data-e-type=\"column\">\n        <div class=\"elementor-widget-wrap elementor-element-populated\">\n                    \n        \t\t<div class=\"elementor-element elementor-element-9d091b6 elementor-widget elementor-widget-ct_heading\" data-id=\"9d091b6\" data-element_type=\"widget\" data-e-type=\"widget\" data-widget_type=\"ct_heading.default\">\n\t\t\t\t<div class=\"elementor-widget-container\">\n\t\t\t\t\t<div id=\"ct_heading-9d091b6\" class=\"ct-heading h-align- sub- ct-heading-left item-st-line-left1\">\r\n\t<div class=\"ct-item--inner\">\r\n        <div class=\"ct-inline-css\"  data-css=\"\r\n            \">\r\n        <\/div>\r\n                <h3 class=\"item--title st-line-left1 case-animate-time\" data-wow-delay=\"ms\">\r\n                        <span class=\"sp-main\">\r\n                                    <i><\/i>\r\n                \r\n                \u00bfQui\u00e9nes Somos? &#8211; DAC Consultora\n\r\n                \r\n                            <\/span>\r\n                    <\/h3>\r\n    <\/div>\r\n<\/div>\t\t\t\t<\/div>\n\t\t\t\t<\/div>\n\t\t\t\t<div class=\"elementor-element elementor-element-4b32f49 elementor-widget elementor-widget-text-editor\" data-id=\"4b32f49\" data-element_type=\"widget\" data-e-type=\"widget\" data-widget_type=\"text-editor.default\">\n\t\t\t\t<div class=\"elementor-widget-container\">\n\t\t\t\t\t\t\t\t\t<p>En <strong>DAC Consultora<\/strong>, somos una empresa especializada en la implementaci\u00f3n, consultor\u00eda y soporte de la suite de aplicaciones <strong>Zoho<\/strong>, ayudando a empresas de todos los tama\u00f1os y sectores a optimizar sus procesos, mejorar la productividad y alcanzar sus objetivos estrat\u00e9gicos.<\/p><p>Con un equipo de expertos certificados y una s\u00f3lida experiencia en <strong>Zoho One<\/strong>, <strong>Zoho Finance<\/strong>, <strong>Zoho CRM<\/strong>, <strong>Zoho Marketing<\/strong> y <strong>Zoho Desk<\/strong>, nos destacamos por brindar soluciones integrales y personalizadas que se adaptan a las necesidades espec\u00edficas de cada cliente.<\/p>\t\t\t\t\t\t\t\t<\/div>\n\t\t\t\t<\/div>\n\t\t\t\t<div class=\"elementor-element elementor-element-dffa2c1 elementor-widget elementor-widget-image\" data-id=\"dffa2c1\" data-element_type=\"widget\" data-e-type=\"widget\" data-widget_type=\"image.default\">\n\t\t\t\t<div class=\"elementor-widget-container\">\n\t\t\t\t\t\t\t\t\t\t\t\t\t\t\t<img decoding=\"async\" src=\"https:\/\/dacflex.com\/zoho\/wp-content\/uploads\/2019\/12\/about-gap.png\" class=\"attachment-full size-full wp-image-1896\" alt=\"\" \/>\t\t\t\t\t\t\t\t\t\t\t\t\t\t\t<\/div>\n\t\t\t\t<\/div>\n\t\t            <\/div>\n        <\/div>\n                    <\/div>\n        <\/section>\n                    <\/div>\n        <\/div>\n                <div class=\"elementor-column elementor-col-50 elementor-top-column elementor-element elementor-element-07e4861\" data-id=\"07e4861\" data-element_type=\"column\" data-e-type=\"column\">\n        <div class=\"elementor-widget-wrap elementor-element-populated\">\n                    \n        \t\t<div class=\"elementor-element elementor-element-1548748 elementor-widget elementor-widget-image\" data-id=\"1548748\" data-element_type=\"widget\" data-e-type=\"widget\" data-widget_type=\"image.default\">\n\t\t\t\t<div class=\"elementor-widget-container\">\n\t\t\t\t\t\t\t\t\t\t\t\t\t\t\t<img fetchpriority=\"high\" decoding=\"async\" width=\"418\" height=\"249\" src=\"https:\/\/dacflex.com\/zoho\/wp-content\/uploads\/2024\/12\/logo.png\" class=\"attachment-full size-full wp-image-4690\" alt=\"\" srcset=\"https:\/\/dacflex.com\/zoho\/wp-content\/uploads\/2024\/12\/logo.png 418w, https:\/\/dacflex.com\/zoho\/wp-content\/uploads\/2024\/12\/logo-300x179.png 300w\" sizes=\"(max-width: 418px) 100vw, 418px\" \/>\t\t\t\t\t\t\t\t\t\t\t\t\t\t\t<\/div>\n\t\t\t\t<\/div>\n\t\t            <\/div>\n        <\/div>\n                    <\/div>\n        <\/section>\n        <div class=\"elementor-element elementor-element-6224ee5 e-flex e-con-boxed e-con e-parent\" data-id=\"6224ee5\" data-element_type=\"container\" data-e-type=\"container\">\n\t\t\t\t\t<div class=\"e-con-inner\">\n\t\t\t\t<div class=\"elementor-element elementor-element-5fbe8bd elementor-widget elementor-widget-ct_heading\" data-id=\"5fbe8bd\" data-element_type=\"widget\" data-e-type=\"widget\" data-widget_type=\"ct_heading.default\">\n\t\t\t\t<div class=\"elementor-widget-container\">\n\t\t\t\t\t<div id=\"ct_heading-5fbe8bd\" class=\"ct-heading h-align-center sub- ct-heading-left item-st-line-left1\">\r\n\t<div class=\"ct-item--inner\">\r\n        <div class=\"ct-inline-css\"  data-css=\"\r\n            \">\r\n        <\/div>\r\n                <h3 class=\"item--title st-line-left1 case-animate-time\" data-wow-delay=\"ms\">\r\n                        <span class=\"sp-main\">\r\n                                    <i><\/i>\r\n                \r\n                Aplicaciones destacadas\n\r\n                \r\n                            <\/span>\r\n                    <\/h3>\r\n    <\/div>\r\n<\/div>\t\t\t\t<\/div>\n\t\t\t\t<\/div>\n\t\t\t\t\t<\/div>\n\t\t\t\t<\/div>\n\t\t<div class=\"elementor-element elementor-element-427f265 e-flex e-con-boxed e-con e-parent\" data-id=\"427f265\" data-element_type=\"container\" data-e-type=\"container\">\n\t\t\t\t\t<div class=\"e-con-inner\">\n\t\t<div class=\"elementor-element elementor-element-06b5ecf e-con-full e-flex e-con e-child\" data-id=\"06b5ecf\" data-element_type=\"container\" data-e-type=\"container\">\n\t\t\t\t<div class=\"elementor-element elementor-element-77340d6 elementor-widget elementor-widget-image\" data-id=\"77340d6\" data-element_type=\"widget\" data-e-type=\"widget\" data-widget_type=\"image.default\">\n\t\t\t\t<div class=\"elementor-widget-container\">\n\t\t\t\t\t\t\t\t\t\t\t\t\t\t\t\t<a href=\"https:\/\/dacflex.com\/zoho\/zoho-books\/\">\n\t\t\t\t\t\t\t<img decoding=\"async\" width=\"640\" height=\"220\" src=\"https:\/\/dacflex.com\/zoho\/wp-content\/uploads\/2025\/01\/zoho-books_wsgm.png\" class=\"attachment-large size-large wp-image-4828\" alt=\"\" srcset=\"https:\/\/dacflex.com\/zoho\/wp-content\/uploads\/2025\/01\/zoho-books_wsgm.png 860w, https:\/\/dacflex.com\/zoho\/wp-content\/uploads\/2025\/01\/zoho-books_wsgm-300x103.png 300w, https:\/\/dacflex.com\/zoho\/wp-content\/uploads\/2025\/01\/zoho-books_wsgm-768x264.png 768w\" sizes=\"(max-width: 640px) 100vw, 640px\" \/>\t\t\t\t\t\t\t\t<\/a>\n\t\t\t\t\t\t\t\t\t\t\t\t\t\t\t<\/div>\n\t\t\t\t<\/div>\n\t\t\t\t<\/div>\n\t\t<div class=\"elementor-element elementor-element-b3e257e e-con-full e-flex e-con e-child\" data-id=\"b3e257e\" data-element_type=\"container\" data-e-type=\"container\">\n\t\t\t\t<div class=\"elementor-element elementor-element-2654aa3 elementor-widget elementor-widget-image\" data-id=\"2654aa3\" data-element_type=\"widget\" data-e-type=\"widget\" data-widget_type=\"image.default\">\n\t\t\t\t<div class=\"elementor-widget-container\">\n\t\t\t\t\t\t\t\t\t\t\t\t\t\t\t\t<a href=\"https:\/\/dacflex.com\/zoho\/zoho-crm\/\">\n\t\t\t\t\t\t\t<img decoding=\"async\" width=\"640\" height=\"265\" src=\"https:\/\/dacflex.com\/zoho\/wp-content\/uploads\/2025\/01\/0503JFSfbnsU8sDkO8tK8Vt-48.webp\" class=\"attachment-large size-large wp-image-4869\" alt=\"\" srcset=\"https:\/\/dacflex.com\/zoho\/wp-content\/uploads\/2025\/01\/0503JFSfbnsU8sDkO8tK8Vt-48.webp 714w, https:\/\/dacflex.com\/zoho\/wp-content\/uploads\/2025\/01\/0503JFSfbnsU8sDkO8tK8Vt-48-300x124.webp 300w\" sizes=\"(max-width: 640px) 100vw, 640px\" \/>\t\t\t\t\t\t\t\t<\/a>\n\t\t\t\t\t\t\t\t\t\t\t\t\t\t\t<\/div>\n\t\t\t\t<\/div>\n\t\t\t\t<\/div>\n\t\t<div class=\"elementor-element elementor-element-95250a4 e-con-full e-flex e-con e-child\" data-id=\"95250a4\" data-element_type=\"container\" data-e-type=\"container\">\n\t\t\t\t<div class=\"elementor-element elementor-element-0388385 elementor-widget elementor-widget-image\" data-id=\"0388385\" data-element_type=\"widget\" data-e-type=\"widget\" data-widget_type=\"image.default\">\n\t\t\t\t<div class=\"elementor-widget-container\">\n\t\t\t\t\t\t\t\t\t\t\t\t\t\t\t\t<a href=\"https:\/\/dacflex.com\/zoho\/zoho-desk\/\">\n\t\t\t\t\t\t\t<img loading=\"lazy\" decoding=\"async\" width=\"640\" height=\"277\" src=\"https:\/\/dacflex.com\/zoho\/wp-content\/uploads\/2025\/01\/07KK87l33iv2fUtroslQbjr-18.webp\" class=\"attachment-large size-large wp-image-4884\" alt=\"\" srcset=\"https:\/\/dacflex.com\/zoho\/wp-content\/uploads\/2025\/01\/07KK87l33iv2fUtroslQbjr-18.webp 684w, https:\/\/dacflex.com\/zoho\/wp-content\/uploads\/2025\/01\/07KK87l33iv2fUtroslQbjr-18-300x130.webp 300w\" sizes=\"(max-width: 640px) 100vw, 640px\" \/>\t\t\t\t\t\t\t\t<\/a>\n\t\t\t\t\t\t\t\t\t\t\t\t\t\t\t<\/div>\n\t\t\t\t<\/div>\n\t\t\t\t<\/div>\n\t\t\t\t\t<\/div>\n\t\t\t\t<\/div>\n\t\t\t\t<\/div>\n\t\t","protected":false},"excerpt":{"rendered":"<p>\u00bfQui\u00e9nes Somos? &#8211; DAC Consultora En DAC Consultora, somos una empresa especializada en la implementaci\u00f3n, consultor\u00eda y soporte de la suite de aplicaciones Zoho, ayudando a empresas de todos los tama\u00f1os y sectores a optimizar sus procesos, mejorar la productividad y alcanzar sus objetivos estrat\u00e9gicos. Con un equipo de expertos certificados y una s\u00f3lida experiencia [&hellip;]<\/p>\n","protected":false},"author":1,"featured_media":0,"parent":0,"menu_order":0,"comment_status":"closed","ping_status":"closed","template":"","meta":{"_joinchat":[],"footnotes":""},"class_list":["post-26","page","type-page","status-publish","hentry"],"_links":{"self":[{"href":"https:\/\/dacflex.com\/zoho\/wp-json\/wp\/v2\/pages\/26","targetHints":{"allow":["GET"]}}],"collection":[{"href":"https:\/\/dacflex.com\/zoho\/wp-json\/wp\/v2\/pages"}],"about":[{"href":"https:\/\/dacflex.com\/zoho\/wp-json\/wp\/v2\/types\/page"}],"author":[{"embeddable":true,"href":"https:\/\/dacflex.com\/zoho\/wp-json\/wp\/v2\/users\/1"}],"replies":[{"embeddable":true,"href":"https:\/\/dacflex.com\/zoho\/wp-json\/wp\/v2\/comments?post=26"}],"version-history":[{"count":21,"href":"https:\/\/dacflex.com\/zoho\/wp-json\/wp\/v2\/pages\/26\/revisions"}],"predecessor-version":[{"id":4911,"href":"https:\/\/dacflex.com\/zoho\/wp-json\/wp\/v2\/pages\/26\/revisions\/4911"}],"wp:attachment":[{"href":"https:\/\/dacflex.com\/zoho\/wp-json\/wp\/v2\/media?parent=26"}],"curies":[{"name":"wp","href":"https:\/\/api.w.org\/{rel}","templated":true}]}}